7, 14741
List the prime factors of 10954889.
11, 97, 10267
What are the prime factors of 19652239?
67, 137, 2141
List the prime factors of 68503.
61, 1123
List the prime factors of 26244961.
41, 640121
What are the prime factors of 306285?
3, 5, 7, 2917
What are the prime factors of 4432257?
3, 17, 59, 491
What are the prime factors of 533588?
2, 11, 67, 181
List the prime factors of 3305619.
3, 311, 1181
What are the prime factors of 309275?
5, 89, 139
List the prime factors of 102466.
2, 7, 13, 563
List the prime factors of 141727.
239, 593
What are the prime factors of 30583848?
2, 3, 251, 5077
What are the prime factors of 10577546?
2, 7, 755539
What are the prime factors of 470159?
37, 97, 131
List the prime factors of 20239071.
3, 29, 232633
What are the prime factors of 12369186?
2, 3, 31, 821
List the prime factors of 710764.
2, 177691
What are the prime factors of 922223?
922223
What are the prime factors of 21172668?
2, 3, 11, 29, 5531
What are the prime factors of 2730133?
7, 55717
List the prime factors of 19511334.
2, 3, 361321
What are the prime factors of 99144?
2, 3, 17
What are the prime factors of 162144?
2, 3, 563
What are the prime factors of 3025390?
2, 5, 41, 47, 157
What are the prime factors of 11274365?
5, 2254873
What are the prime factors of 20964146?
2, 7, 1497439
List the prime factors of 1576170.
2, 3, 5, 83, 211
List the prime factors of 486808.
2, 7, 8693
What are the prime factors of 1302755?
5, 260551
List the prime factors of 17820.
2, 3, 5, 11
What are the prime factors of 173420?
2, 5, 13, 23, 29
What are the prime factors of 1841648?
2, 31, 47, 79
What are the prime factors of 586482?
2, 3, 13, 73, 103
What are the prime factors of 443977?
113, 3929
List the prime factors of 1238726.
2, 619363
What are the prime factors of 942822?
2, 3, 52379
What are the prime factors of 117536?
2, 3673
List the prime factors of 18389904.
2, 3, 13, 2267
List the prime factors of 4080032.
2, 11, 67, 173
What are the prime factors of 139037?
257, 541
List the prime factors of 2022928.
2, 126433
What are the prime factors of 26914729?
127, 211927
What are the prime factors of 1995777?
3, 7, 79, 401
List the prime factors of 414546.
2, 3, 11, 571
What are the prime factors of 215385?
3, 5, 83, 173
What are the prime factors of 485834?
2, 421, 577
List the prime factors of 310535.
5, 173, 359
List the prime factors of 15197702.
2, 13, 149, 3923
List the prime factors of 2659678.
2, 7, 189977
What are the prime factors of 78728?
2, 13, 757
What are the prime factors of 6495311?
263, 24697
What are the prime factors of 1020806?
2, 510403
List the prime factors of 1038953.
1038953
List the prime factors of 7294467.
3, 2431489
List the prime factors of 11310234.
2, 3, 13, 37, 3919
What are the prime factors of 4765861?
89, 53549
What are the prime factors of 273222?
2, 3, 43, 353
What are the prime factors of 4494456?
2, 3, 62423
What are the prime factors of 365767?
499, 733
What are the prime factors of 11524657?
17, 773, 877
What are the prime factors of 5842596?
2, 3, 37, 13159
List the prime factors of 580132.
2, 7, 20719
List the prime factors of 5797084.
2, 1449271
What are the prime factors of 3405830?
2, 5, 340583
What are the prime factors of 198309?
3, 66103
List the prime factors of 32256781.
32256781
What are the prime factors of 93042?
2, 3, 1723
What are the prime factors of 818529?
3, 233, 1171
What are the prime factors of 10497950?
2, 5, 209959
What are the prime factors of 14856232?
2, 17, 313, 349
What are the prime factors of 3829011?
3, 101, 12637
What are the prime factors of 634518?
2, 3, 35251
List the prime factors of 36265900.
2, 5, 11, 32969
What are the prime factors of 208588?
2, 52147
List the prime factors of 741712.
2, 151, 307
What are the prime factors of 1999816?
2, 7, 13, 41, 67
What are the prime factors of 8220161?
1913, 4297
What are the prime factors of 536828?
2, 134207
What are the prime factors of 23004?
2, 3, 71
What are the prime factors of 44223?
3, 14741
List the prime factors of 269464.
2, 13, 2591
What are the prime factors of 28719336?
2, 3, 19, 62981
List the prime factors of 4355057.
7, 622151
What are the prime factors of 1686917?
1277, 1321
List the prime factors of 54840.
2, 3, 5, 457
What are the prime factors of 1280534?
2, 640267
What are the prime factors of 32911401?
3, 19, 191, 3023
What are the prime factors of 32452053?
3, 67, 161453
What are the prime factors of 5365528?
2, 7, 95813
What are the prime factors of 263305?
5, 7, 7523
List the prime factors of 329825.
5, 79, 167
List the prime factors of 33242806.
2, 179, 92857
List the prime factors of 7501624.
2, 13, 17, 4243
What are the prime factors of 216466?
2, 108233
List the prime factors of 41255217.
3, 1527971
What are the prime factors of 1207766?
2, 7, 86269
List the prime factors of 39281.
11, 3571
List the prime factors of 487376.
2, 83, 367
What are the prime factors of 478983?
3, 67, 2383
What are the prime factors of 10376488?
2, 1297061
What are the prime factors of 20265450?
2, 3, 5, 167, 809
List the prime factors of 2400.
2, 3, 5
List the prime factors of 524462.
2, 262231
List the prime factors of 134227.
134227
List the prime factors of 151086.
2, 3, 13, 149
List the prime factors of 58283.
167, 349
List the prime factors of 12622935.
3, 5, 13, 19, 3407
What are the prime factors of 424293?
3, 233, 607
List the prime factors of 402513.
3, 134171
List the prime factors of 214635.
3, 5, 41, 349
What are the prime factors of 703128?
2, 3, 29297
List the prime factors of 7419371.
179, 181, 229
List the prime factors of 236868.
2, 3, 19739
List the prime factors of 1471150.
2, 5, 29423
List the prime factors of 6334698.
2, 3, 1055783
List the prime factors of 1197729.
3, 13, 29, 353
List the prime factors of 456983.
149, 3067
What are the prime factors of 1077671?
7, 153953
List the prime factors of 6870407.
223, 30809
List the prime factors of 340088.
2, 7, 6073
List the prime factors of 20339803.
11, 17, 108769
List the prime factors of 94216.
2, 11777
What are the prime factors of 204996?
2, 3, 11, 1553
What are the prime factors of 452654?
2, 89, 2543
What are the prime factors of 23152329?
3, 23, 111847
List the prime factors of 137603.
37, 3719
What are the prime factors of 1669046?
2, 834523
What are the prime factors of 353154?
2, 3, 71, 829
What are the prime factors of 41277?
3, 13759
List the prime factors of 2012107.
29, 69383
List the prime factors of 488911.
23, 29, 733
What are the prime factors of 985596?
2, 3, 23, 3571
What are the prime factors of 439993?
61, 7213
List the prime factors of 2944451.
17, 379, 457
What are the prime factors of 484385?
5, 11, 8807
What are the prime factors of 2056772?
2, 167, 3079
What are the prime factors of 379868?
2, 23, 4129
List the prime factors of 1331874.
2, 3, 61, 1213
What are the prime factors of 303884?
2, 7, 10853
What are the prime factors of 2025189?
3, 107, 701
What are the prime factors of 276925?
5, 11, 19, 53
List the prime factors of 7544434.
2, 3772217
What are the prime factors of 5397017?
353, 15289
List the prime factors of 13285962.
2, 3, 738109
What are the prime factors of 2845639?
2845639
List the prime factors of 517549.
517549
What are the prime factors of 318815?
5, 7, 9109
List the prime factors of 1535991.
3, 511997
List the prime factors of 45043.
31, 1453
List the prime factors of 201563.
353, 571
List the prime factors of 437301.
3, 48589
What are the prime factors of 927848?
2, 115981
List the prime factors of 214455.
3, 5, 17, 29
List the prime factors of 31687673.
31, 1022183
What are the prime factors of 5217121?
7, 13, 57331
List the prime factors of 542645.
5, 108529
What are the prime factors of 8454?
2, 3, 1409
What are the prime factors of 2989343?
7, 61007
List the prime factors of 213240.
2, 3, 5, 1777
List the prime factors of 351593.
11, 31963
List the prime factors of 5015818.
2, 2507909
List the prime factors of 4712089.
41, 281, 409
What are the prime factors of 144868?
2, 36217
What are the prime factors of 9686?
2, 29, 167
What are the prime factors of 11034732?
2, 3, 29, 37, 857
List the prime factors of 334343.
19, 17597
List the prime factors of 293504.
2, 2293
List the prime factors of 51137